{"id":417,"date":"2017-01-23T12:44:54","date_gmt":"2017-01-23T12:44:54","guid":{"rendered":"http:\/\/asgaivotas.com\/?page_id=417"},"modified":"2022-02-21T12:19:55","modified_gmt":"2022-02-21T12:19:55","slug":"hemeroteca","status":"publish","type":"page","link":"https:\/\/www.asgaivotas.com\/?page_id=417","title":{"rendered":"Hemeroteca"},"content":{"rendered":"\n<p>Antiguos art\u00edculos archivados por a\u00f1o y categor\u00eda.<\/p>\n\n\n\n<h2 class=\"wp-block-heading\" id=\"historial\">Historial<\/h2>\n\n\n<ul class=\"wp-block-archives-list wp-block-archives\">\t<li><a href='https:\/\/www.asgaivotas.com\/?m=202507'>julio 2025<\/a><\/li>\n\t<li><a href='https:\/\/www.asgaivotas.com\/?m=202505'>mayo 2025<\/a><\/li>\n\t<li><a href='https:\/\/www.asgaivotas.com\/?m=202504'>abril 2025<\/a><\/li>\n\t<li><a href='https:\/\/www.asgaivotas.com\/?m=202409'>septiembre 2024<\/a><\/li>\n\t<li><a href='https:\/\/www.asgaivotas.com\/?m=202404'>abril 2024<\/a><\/li>\n\t<li><a href='https:\/\/www.asgaivotas.com\/?m=202308'>agosto 2023<\/a><\/li>\n\t<li><a href='https:\/\/www.asgaivotas.com\/?m=202306'>junio 2023<\/a><\/li>\n\t<li><a href='https:\/\/www.asgaivotas.com\/?m=202303'>marzo 2023<\/a><\/li>\n\t<li><a href='https:\/\/www.asgaivotas.com\/?m=202302'>febrero 2023<\/a><\/li>\n\t<li><a href='https:\/\/www.asgaivotas.com\/?m=202301'>enero 2023<\/a><\/li>\n\t<li><a href='https:\/\/www.asgaivotas.com\/?m=202109'>septiembre 2021<\/a><\/li>\n\t<li><a href='https:\/\/www.asgaivotas.com\/?m=201804'>abril 2018<\/a><\/li>\n\t<li><a href='https:\/\/www.asgaivotas.com\/?m=201709'>septiembre 2017<\/a><\/li>\n\t<li><a href='https:\/\/www.asgaivotas.com\/?m=201708'>agosto 2017<\/a><\/li>\n\t<li><a href='https:\/\/www.asgaivotas.com\/?m=201704'>abril 2017<\/a><\/li>\n\t<li><a href='https:\/\/www.asgaivotas.com\/?m=201702'>febrero 2017<\/a><\/li>\n\t<li><a href='https:\/\/www.asgaivotas.com\/?m=201701'>enero 2017<\/a><\/li>\n\t<li><a href='https:\/\/www.asgaivotas.com\/?m=201607'>julio 2016<\/a><\/li>\n\t<li><a href='https:\/\/www.asgaivotas.com\/?m=201508'>agosto 2015<\/a><\/li>\n\t<li><a href='https:\/\/www.asgaivotas.com\/?m=201505'>mayo 2015<\/a><\/li>\n\t<li><a href='https:\/\/www.asgaivotas.com\/?m=201409'>septiembre 2014<\/a><\/li>\n\t<li><a href='https:\/\/www.asgaivotas.com\/?m=201408'>agosto 2014<\/a><\/li>\n\t<li><a href='https:\/\/www.asgaivotas.com\/?m=201407'>julio 2014<\/a><\/li>\n\t<li><a href='https:\/\/www.asgaivotas.com\/?m=201405'>mayo 2014<\/a><\/li>\n\t<li><a href='https:\/\/www.asgaivotas.com\/?m=201309'>septiembre 2013<\/a><\/li>\n\t<li><a href='https:\/\/www.asgaivotas.com\/?m=201307'>julio 2013<\/a><\/li>\n\t<li><a href='https:\/\/www.asgaivotas.com\/?m=201306'>junio 2013<\/a><\/li>\n\t<li><a href='https:\/\/www.asgaivotas.com\/?m=201305'>mayo 2013<\/a><\/li>\n\t<li><a href='https:\/\/www.asgaivotas.com\/?m=201304'>abril 2013<\/a><\/li>\n\t<li><a href='https:\/\/www.asgaivotas.com\/?m=201303'>marzo 2013<\/a><\/li>\n\t<li><a href='https:\/\/www.asgaivotas.com\/?m=201210'>octubre 2012<\/a><\/li>\n\t<li><a href='https:\/\/www.asgaivotas.com\/?m=201208'>agosto 2012<\/a><\/li>\n\t<li><a href='https:\/\/www.asgaivotas.com\/?m=201207'>julio 2012<\/a><\/li>\n\t<li><a href='https:\/\/www.asgaivotas.com\/?m=201206'>junio 2012<\/a><\/li>\n\t<li><a href='https:\/\/www.asgaivotas.com\/?m=201204'>abril 2012<\/a><\/li>\n\t<li><a href='https:\/\/www.asgaivotas.com\/?m=201202'>febrero 2012<\/a><\/li>\n\t<li><a href='https:\/\/www.asgaivotas.com\/?m=201108'>agosto 2011<\/a><\/li>\n\t<li><a href='https:\/\/www.asgaivotas.com\/?m=201107'>julio 2011<\/a><\/li>\n\t<li><a href='https:\/\/www.asgaivotas.com\/?m=201106'>junio 2011<\/a><\/li>\n\t<li><a href='https:\/\/www.asgaivotas.com\/?m=201105'>mayo 2011<\/a><\/li>\n\t<li><a href='https:\/\/www.asgaivotas.com\/?m=201104'>abril 2011<\/a><\/li>\n\t<li><a href='https:\/\/www.asgaivotas.com\/?m=201102'>febrero 2011<\/a><\/li>\n\t<li><a href='https:\/\/www.asgaivotas.com\/?m=201101'>enero 2011<\/a><\/li>\n\t<li><a href='https:\/\/www.asgaivotas.com\/?m=201008'>agosto 2010<\/a><\/li>\n\t<li><a href='https:\/\/www.asgaivotas.com\/?m=201007'>julio 2010<\/a><\/li>\n\t<li><a href='https:\/\/www.asgaivotas.com\/?m=201003'>marzo 2010<\/a><\/li>\n\t<li><a href='https:\/\/www.asgaivotas.com\/?m=200907'>julio 2009<\/a><\/li>\n\t<li><a href='https:\/\/www.asgaivotas.com\/?m=200905'>mayo 2009<\/a><\/li>\n\t<li><a href='https:\/\/www.asgaivotas.com\/?m=200904'>abril 2009<\/a><\/li>\n\t<li><a href='https:\/\/www.asgaivotas.com\/?m=200903'>marzo 2009<\/a><\/li>\n\t<li><a href='https:\/\/www.asgaivotas.com\/?m=200807'>julio 2008<\/a><\/li>\n\t<li><a href='https:\/\/www.asgaivotas.com\/?m=200806'>junio 2008<\/a><\/li>\n\t<li><a href='https:\/\/www.asgaivotas.com\/?m=200805'>mayo 2008<\/a><\/li>\n\t<li><a href='https:\/\/www.asgaivotas.com\/?m=200804'>abril 2008<\/a><\/li>\n\t<li><a href='https:\/\/www.asgaivotas.com\/?m=200712'>diciembre 2007<\/a><\/li>\n\t<li><a href='https:\/\/www.asgaivotas.com\/?m=200708'>agosto 2007<\/a><\/li>\n\t<li><a href='https:\/\/www.asgaivotas.com\/?m=200707'>julio 2007<\/a><\/li>\n<\/ul>\n\n\n<h2 class=\"wp-block-heading\" id=\"categorias\">Categor\u00edas<\/h2>\n\n\n<ul class=\"wp-block-categories-list wp-block-categories\">\t<li class=\"cat-item cat-item-2\"><a href=\"https:\/\/www.asgaivotas.com\/?cat=2\">Actividades<\/a>\n<\/li>\n\t<li class=\"cat-item cat-item-3\"><a href=\"https:\/\/www.asgaivotas.com\/?cat=3\">Actividades<\/a>\n<\/li>\n\t<li class=\"cat-item cat-item-60\"><a href=\"https:\/\/www.asgaivotas.com\/?cat=60\">ACTIVIDADES_2024<\/a>\n<\/li>\n\t<li class=\"cat-item cat-item-70\"><a href=\"https:\/\/www.asgaivotas.com\/?cat=70\">ACTIVIDADES_2025<\/a>\n<\/li>\n\t<li class=\"cat-item cat-item-67\"><a href=\"https:\/\/www.asgaivotas.com\/?cat=67\">blog<\/a>\n<\/li>\n\t<li class=\"cat-item cat-item-6\"><a href=\"https:\/\/www.asgaivotas.com\/?cat=6\">Centollo Meeting<\/a>\n<\/li>\n\t<li class=\"cat-item cat-item-7\"><a href=\"https:\/\/www.asgaivotas.com\/?cat=7\">Club<\/a>\n<\/li>\n\t<li class=\"cat-item cat-item-13\"><a href=\"https:\/\/www.asgaivotas.com\/?cat=13\">Historia<\/a>\n<\/li>\n\t<li class=\"cat-item cat-item-14\"><a href=\"https:\/\/www.asgaivotas.com\/?cat=14\">Historia<\/a>\n<\/li>\n\t<li class=\"cat-item cat-item-18\"><a href=\"https:\/\/www.asgaivotas.com\/?cat=18\">Novas<\/a>\n<\/li>\n\t<li class=\"cat-item cat-item-20\"><a href=\"https:\/\/www.asgaivotas.com\/?cat=20\">Open Internacional F3A 2009<\/a>\n<\/li>\n\t<li class=\"cat-item cat-item-21\"><a href=\"https:\/\/www.asgaivotas.com\/?cat=21\">Open Internacional F3A 2010<\/a>\n<\/li>\n\t<li class=\"cat-item cat-item-22\"><a href=\"https:\/\/www.asgaivotas.com\/?cat=22\">Open Internacional F3A 2011<\/a>\n<\/li>\n\t<li class=\"cat-item cat-item-23\"><a href=\"https:\/\/www.asgaivotas.com\/?cat=23\">Open Internacional F3A 2012<\/a>\n<\/li>\n\t<li class=\"cat-item cat-item-24\"><a href=\"https:\/\/www.asgaivotas.com\/?cat=24\">Open Internacional F3A 2013<\/a>\n<\/li>\n\t<li class=\"cat-item cat-item-45\"><a href=\"https:\/\/www.asgaivotas.com\/?cat=45\">Open Internacional F3A 2023<\/a>\n<\/li>\n\t<li class=\"cat-item cat-item-55\"><a href=\"https:\/\/www.asgaivotas.com\/?cat=55\">Open Internacional F3A 2024<\/a>\n<\/li>\n\t<li class=\"cat-item cat-item-29\"><a href=\"https:\/\/www.asgaivotas.com\/?cat=29\">Open Nacional F5J 2014<\/a>\n<\/li>\n\t<li class=\"cat-item cat-item-30\"><a href=\"https:\/\/www.asgaivotas.com\/?cat=30\">Pista A Queimada<\/a>\n<\/li>\n\t<li class=\"cat-item cat-item-31\"><a href=\"https:\/\/www.asgaivotas.com\/?cat=31\">Pista Cerceda<\/a>\n<\/li>\n\t<li class=\"cat-item cat-item-1\"><a href=\"https:\/\/www.asgaivotas.com\/?cat=1\">Sin categor\u00eda<\/a>\n<\/li>\n<\/ul>","protected":false},"excerpt":{"rendered":"<p>Antiguos art\u00edculos archivados por a\u00f1o y categor\u00eda. Historial Categor\u00edas<\/p>\n","protected":false},"author":1,"featured_media":0,"parent":0,"menu_order":0,"comment_status":"closed","ping_status":"closed","template":"","meta":{"footnotes":""},"class_list":["post-417","page","type-page","status-publish","hentry"],"_links":{"self":[{"href":"https:\/\/www.asgaivotas.com\/index.php?rest_route=\/wp\/v2\/pages\/417","targetHints":{"allow":["GET"]}}],"collection":[{"href":"https:\/\/www.asgaivotas.com\/index.php?rest_route=\/wp\/v2\/pages"}],"about":[{"href":"https:\/\/www.asgaivotas.com\/index.php?rest_route=\/wp\/v2\/types\/page"}],"author":[{"embeddable":true,"href":"https:\/\/www.asgaivotas.com\/index.php?rest_route=\/wp\/v2\/users\/1"}],"replies":[{"embeddable":true,"href":"https:\/\/www.asgaivotas.com\/index.php?rest_route=%2Fwp%2Fv2%2Fcomments&post=417"}],"version-history":[{"count":5,"href":"https:\/\/www.asgaivotas.com\/index.php?rest_route=\/wp\/v2\/pages\/417\/revisions"}],"predecessor-version":[{"id":730,"href":"https:\/\/www.asgaivotas.com\/index.php?rest_route=\/wp\/v2\/pages\/417\/revisions\/730"}],"wp:attachment":[{"href":"https:\/\/www.asgaivotas.com\/index.php?rest_route=%2Fwp%2Fv2%2Fmedia&parent=417"}],"curies":[{"name":"wp","href":"https:\/\/api.w.org\/{rel}","templated":true}]}}